{"id":24543,"date":"2024-05-18T09:55:16","date_gmt":"2024-05-18T07:55:16","guid":{"rendered":"https:\/\/iemgmbh.de\/shop2023\/?post_type=product&#038;p=24543"},"modified":"2025-07-15T11:22:50","modified_gmt":"2025-07-15T09:22:50","slug":"umkehrosmoseanlagetyp-ro423leistung-bis-zu-450-l-h","status":"publish","type":"product","link":"https:\/\/iemgmbh.de\/shop2023\/produkt\/umkehrosmoseanlagetyp-ro423leistung-bis-zu-450-l-h\/","title":{"rendered":"Umkehrosmoseanlage<br>Typ RO423<br>Leistung: bis zu 450 l\/h"},"content":{"rendered":"<p><span style=\"color: #000080;\"><span style=\"color: #3366ff;\"><strong>1 Anlage Typ:<\/strong><\/span><span style=\"color: #000000;\">RO423<\/span><\/span><\/p>\n<p><strong>\u00a0 \u00a01-1 Umkehrosmoseanlage Leistung (Liter \/ Stunde) siehe Grenzwerte: <\/strong>450 Liter\/Stunde<br \/>\n<strong><br \/>\n<\/strong><\/p>\n<p><strong>\u00a0 \u00a01-2 Ma\u00dfe: in mm (nur RO)<\/strong><\/p>\n<ul>\n<li><strong>Bereite: <\/strong>400 mm<\/li>\n<li><strong>H\u00f6he (ohne F\u00fc\u00dfe oder R\u00e4der):<\/strong> 850 mm<\/li>\n<li><strong>Tiefe (ohne externe Optionen):<\/strong> 750 mm<\/li>\n<li><strong>Gewicht (ohne Optionen):<\/strong> ca. 45 Kg<\/li>\n<\/ul>\n<p><strong>\u00a0 \u00a01-3 Membrane:<\/strong> IEM XLE 4 Inch ( extra low Energy PA Membrane )<\/p>\n<p><strong>\u00a0 \u00a01-4 Membrangeh\u00e4use:<\/strong> Edelstahl Druckrohr, PE Endkappen<\/p>\n<p><strong>\u00a0 \u00a01-5 Pumpe:<\/strong> Edelstahl-DrehschieberPumpe 230V50Hz<\/p>\n<p><strong>\u00a0 \u00a01-6 SPS &#8211; Steuerung:<\/strong> Computer Controller IEM mit USB Anschlu\u00df und optionaler M\u00f6glichkeit zur Fernsteuerung via Internet<\/p>\n<p><strong>\u00a0 \u00a01-7 Leitwertanzeige:<\/strong> Leitwertanzeige am Permeat als Text IN \u00b5S\/ Cm<\/p>\n<p><strong>\u00a0 \u00a01-8 Montage &#8211; Bauart:<\/strong> montiert auf Alu-Rahmen<\/p>\n<p><strong>\u00a0 \u00a01-9 Durchfluss-Sensoren:<\/strong> 3x Aktiver Durchflusstransmitter Digital (1: Produkt 1: Abwasser 1:Zirkulation )<\/p>\n<p><strong>\u00a0 \u00a01-10 Drucksensoren:<\/strong> 2x Aktiver Druckanzeigetransmitter Digital 0-16 Bar ( Vordruck, Betriebsdruck )<\/p>\n<p><strong>\u00a0 \u00a01-11 Trockenlaufschutz:<\/strong> Ja<\/p>\n<p><strong>\u00a0 \u00a01-12 Sp\u00fclsystem:<\/strong> Automatisches Sp\u00fclsystem ( Magnetventil )<\/p>\n<p><strong>\u00a0 \u00a01-13 Speisewassereingang:<\/strong> Magnetventil am Wassereingang ( Edelstahlmagnetventil )<\/p>\n<p><strong>\u00a0 \u00a01-14 Anschl\u00fcsse:<\/strong> Permeat 3\/4&#8243; AG \/ Abwasser 3\/4&#8243; AG \/ Speisewasser 3\/4&#8243; AG<\/p>\n<p><strong>\u00a0 \u00a01-15 Abschaltung:<\/strong> Schwimmerschalter Signal ( freier Auslauf)<\/p>\n<p><strong>\u00a0 \u00a01-16 Spannung:<\/strong> 230 V 50 Hz<\/p>\n<p><strong>\u00a0 \u00a01-17 Aufnahme ( Nur UO. Anlage):<\/strong> 640W<\/p>\n<p><strong>\u00a0 \u00a01-18 Grenzwerte:<\/strong> Max. Salzgehalt im Eingangswasser 3000 \u00b5S\/cm ( Auslegung 750 \u00b5s\/cm)<br \/>\nMin. Vordruck 1 bar Eingangswasser<br \/>\nTemperatur 4\u00b0 C bis 30\u00b0 C<br \/>\nSpeisewasserqualit\u00e4t: 5\u00b5 gefiltert<br \/>\nMaximum freie Chlorine: 0.1 mg\/l<br \/>\nohne sch\u00e4dliche Mineralien wie freie Eisen .<br \/>\nAusbeute Standard mit Antiskalant vorbehandelung bis 80% ( Auslegung 70%)<br \/>\nSDI&lt;3<br \/>\nOhne Antiskalant gilt: H\u00e4rte im Speisewasser:<br \/>\n10\u00b0 dt. H\u00e4rte = 50% Ausbeute<br \/>\n0\u00b0 dt. H\u00e4rte = 75% Ausbeute<br \/>\nAlle Angaben unter Auslegung der Bedingugen bei 25\u00b0C<\/p>\n<p><span style=\"color: #3366ff;\"><strong>2 Installation und Inbetriebnahme vor Ort: <\/strong><\/span>An- und Abfahrt ( Nur Innerhalb Deutschland )<br \/>\nAutokilometer: 0,90 \u20ac \/ Km ( Mainz &#8211; ? &#8211; Mainz = xxx Km)<br \/>\nR\u00fcstzeit: 49,00 \u20ac \/ Stunde ( Fahrzeit Hin- und Zur\u00fcck pro Stunde )<br \/>\nArbeitszeit vor Ort: 109,00 Euro \/ Stunde<br \/>\nevtl. anfallende \u00dcbernachtungskosten mit Verpflegung<\/p>\n<p>F\u00fcr die Installation muss von Kundenseite vorhanden sein:<br \/>\n&#8211; Wasseranschluss 3\/4 Zoll ( max. Abstand 1,5 m )<br \/>\n&#8211; Freier Ablauf des Abwassers der Anlage muss gew\u00e4hrleistet sein<br \/>\n&#8211; Stromanschluss 400V AC, abgesichert mit 16A Sicherung und Fi-Schutzschalter<br \/>\n&#8211; Der Standort der Anlage sollte einen Bodenabfluss besitzen<\/p>\n<p>Diese Position wird separat berechnet nach erfolgter Installation<\/p>\n<p><span style=\"color: #3366ff;\"><strong>3 \u00dcbergabe: <\/strong><\/span>\u00dcbergabe nach Inbetriebnahme bei Fa. IEM<br \/>\nFalls gew\u00fcnscht, k\u00f6nnen wir Ihnen ein Individuelles Angebot zur<br \/>\nWartung der Anlage erstellen.<br \/>\nOhne Wartungsvereinbarung gilt:<br \/>\nDefekte Anlagen m\u00fcssen nach Mainz frei Haus gesendet werden.<br \/>\nDas gilt auch in der Garantiezeit. Bei Entscheidung des Kunden zur<br \/>\nReparatur w\u00e4hrend der Garantiezeit durch eigene Techniker oder<br \/>\n3te Personen wird durch die IEM GmbH kein Ersatzteil kostenlos<br \/>\ngeliefert. Bei R\u00fccksendung zu Fa. IEM in unserere Betriebsst\u00e4tte in Mainz muss der Kunde s\u00e4mtliche Formalit\u00e4ten und Kosten \u00fcbernehmen.<\/p>\n<p>Garantiezeit: 1 Jahr (bis 3.000 Betriebsstunden) ab Lieferdatum<\/p>\n<hr \/>\n<p><strong>Optionens<\/strong><\/p>\n<p><strong>A)5 \u00b5 Sediment Filter:<\/strong> Sediment Filter integriertes Vorfiltergeh\u00e4use 2,5 &#8211; inkl. Filtergeh\u00e4useschl\u00fcssel &#8211; Feinfilter 5\u00b5 eingesetzt &#8211; inklusive Verrohrung mit der Anlage &#8211; mit Halterung<\/p>\n<p><strong>B)Kohlefilter<\/strong><\/p>\n<p><strong>C)Schwimmerschalter:<\/strong> Schwimmerschalter mit 10m Kabel<br \/>\n&#8211; montiert an Anlage, programmiert in der SPS<br \/>\n( Abschaltsystem f\u00fcr von Kundenseite vorhandenen Tank )<\/p>\n<p><strong>D)Anschlu\u00df &#8211; Set:<\/strong> Anschlu\u00df &#8211; Set: Speisewasser: Panzerschlauch 1,5m Edelstahl mit 3\/4 Zoll IG Abwasser: Panzerschlauch 1,5m Edelstahl mit 3\/4 Zoll IG Produktwasser: Panzerschlauch 1,5m Edelstahl mit 3\/4 Zoll IG<\/p>\n<p><strong>E)Rollen:<\/strong> Set Rollen ( Edelstahl ) zur Verbesserung der Mobilit\u00e4t der Anlage ( 2 mit Bremse, 2 ohne ) H\u00f6he \u00e4ndert sich um ca. 10 cm !<\/p>\n<p><strong>F)interakitives Touch Screen Monitoring System:<\/strong> interaktives Touch Screen Monitoring System mit SPS Computer Steuerung IEM mit Internet Fernadministrations-M\u00f6glichkeit Schaltschrank mit RS232 oder USB Schnitstelle zur Programmierung und Fernadministrationsm\u00f6glichkeit via Internet 1x Transmitter Leitwert Anzeige am Permeat** 3x Aktiver Durchflusstransmitter Digital bar (1: Produkt 1: Abwasser 1: Recycling) 3x Aktiver Durchflusstransmitter Digital 0-16 bar Weitere Funktionen: &#8211; Filterwechsel-Anzeige &#8211; Zustandsanzeige von Druck- und Durchfl\u00fcssen &#8211; Qualit\u00e4ts\u00fcberwachung &#8211; Fehlerspeicher<\/p>\n<p><strong>G)Fernadmiestration und Monitoring:<\/strong> Fernmonitoring Der aktuelle Status der Anlage kann aus der Ferne bei Bedarf durch den Kunden mit Hilfe einer Client-Software \u00fcberwacht werden ( Monitoring ). Eine DHCP-f\u00e4hige Internetverbindung ist dazu an der Anlage via verbundenem RJ-45 Kabel von Kundenseite aus notwendig. \u00c4nderungen an der Software k\u00f6nnen aus der Ferne nur durch den Hersteller ( Fa. IEM ) durchgef\u00fchrt werden nach gemeinsamer Absprache. Der Kunde erh\u00e4lt keinen Zugriff auf die SPS Programmierung, dies bleibt dem Hersteller ( Fa. IEM ) vorbehalten.<\/p>\n<p><strong>H)Extra Sp\u00fclung:<\/strong><br \/>\n<span style=\"color: #3366ff;\">h1-Zwangssp\u00fclung:<\/span> Bei der Zwangssp\u00fclung wird bei ununterbrochener Produktion nach einer frei definierbaren Zeit die Anlage zwangsgesp\u00fclt. Dabei wird die Produktion kurz unterbrochen.<br \/>\n<span style=\"color: #3366ff;\">h2-Standby Sp\u00fclung (Hygienesp\u00fclung):<\/span> Die Standby-Sp\u00fclfunktion wird Zeitgesteuert stattfinden. Dadurch, wenn die Anlage bis 48 Stunden ( Zeit Einstellbar) nicht aktiv ist, wird f\u00fcr ein paar Minuten (Einstellbar) die Anlage sich einschalten und in dieser Zeit wird das Permeat in den Kanal geleitet. Daf\u00fcr muss die Anlage immer einsatzbereit sein. inkl. Umprogrammierung jede 48 Stunden ( Zeit Einstellbar) Sp\u00fclung. ( Die Anlage muss im vollst\u00e4ndig angeschlossenen Zustand bleiben, Wasser und Elektrik )<\/p>\n<p><strong>J)Permeat-verwerfung:<\/strong> Durch das Permeatverwurf &#8211; System wird die Qualit\u00e4t vom Produktwasser (Permeat) konstant bleiben und die Mischung von Permeat h\u00f6herer Leitf\u00e4higkeit beim Start wird verhindert. In dieser Zeit wird Permeat an die Druckseite von der Membran zur\u00fcck verworfen<\/p>\n<p><strong>K)Antiscaling: <\/strong>Antiscaling Dosierstation<br \/>\nProportionales Dosiersystem<br \/>\nAntiscaling Dosierstation (60 Liter Tank+ Dosierpumpe)<br \/>\n1x F\u00f6rderleistung: 6 bar \u2013 1,5 Liter bis 20 bar \u2013 0,4 Liter<br \/>\n1x Beh\u00e4lter: 50 oder 100 Liter<br \/>\n1x Sauglanze mit 2 Leermeldern<br \/>\n1x R\u00fchrwerk f\u00fcr 50 oder 100 Liter.l Dosierbeh\u00e4lter 12 V DC, 1,2 A<br \/>\n( wird mit 230 V 50 Hz Netzteil geliefert )<br \/>\nInkl. Trockenlaufschutz<\/p>\n<p>Chemikalien nicht enthalten.<\/p>\n<p><strong>L) F\u00f6rdersystem:<br \/>\n<\/strong><span style=\"color: #0000ff;\">L1) Vorratsbeh\u00e4lter<\/span><br \/>\n<span style=\"color: #0000ff;\">Produktwasser Tank: <span style=\"color: #000000;\">mit gro\u00dfem Revisionsdom, aus hochwertigem PE<\/span><br \/>\n<span style=\"color: #000000;\">Achtung: ( nur der Tank wird geliefert, die gesamte Verrohrung von der Anlage zum Beh\u00e4lter und der F\u00f6rderpumpe muss vor Ort beim Endkunden erledigt werden durch den Betreiber der Anlage )<br \/>\n<\/span><span style=\"color: #000080;\">\u00a0 \u00a0 \u00a0L1-1) 200 Liter<\/span><br \/>\n<span style=\"color: #000080;\">\u00a0 \u00a0 \u00a0L1-2) 300 Liter<\/span><br \/>\n<span style=\"color: #000080;\">\u00a0 \u00a0 \u00a0L1-3) 500 Liter<\/span><br \/>\n<span style=\"color: #000080;\">\u00a0 \u00a0 \u00a0L1-4) 1000 Liter<\/span><br \/>\n<span style=\"color: #000080;\">\u00a0 \u00a0 \u00a0L1-5) 2000 Liter<\/span><br \/>\n<span style=\"color: #000080;\">\u00a0 \u00a0 \u00a0L1-6) 3000 Liter<\/span><br \/>\nL2) Niveaumessung: <\/span>Levelsensor Transmitter (Transducer)<br \/>\nEinbau und Programierung in SPS &#8211; Steuerung<br \/>\nexakte Niveaumessung durch ein Druckmessverfahren<\/p>\n<p>Tank voll (Stop Produktion)<br \/>\nTank halbleer (Start Produktion)<br \/>\nTank leer (Alarm)<br \/>\nprogrammiert in der SPS der Anlage<\/p>\n<p>Technische Parameter:<br \/>\nEingangsspannung : DC 24V DC<br \/>\nStromaufnahme : 200 uA<br \/>\nAusgang : 1-10 V<br \/>\nReaktionszeit : 500 ms<br \/>\nArbeitstemperatur : 0 ~ 45 Grad<br \/>\n<span style=\"color: #0000ff;\">L3)F\u00f6rderpumpe:<br \/>\n<\/span><span style=\"color: #000080;\">L3-1) Kreiselpumpe<\/span>: F\u00f6rdersystem Druckerh\u00f6hungsanlage mit Frequenzumrichter:<br \/>\nF\u00f6rdersystem Typ Edelstahl Kreiselpumpenstation<br \/>\nEdelstahl-Kreiselpumpe 230V 50 Hz ger\u00e4uscharm, mehrstufig, 650W<br \/>\nKonstanter Betriebsdruck 3 bar ( einstelbar)<br \/>\nAufbau auf Alu Gestell<br \/>\ngesteuert durch die eigene Steuerung des F\u00f6rdersystems<br \/>\nMehrstufig, Kreiselpumpe<br \/>\nBetriebsdruck 3 m\u00b3\/h @ 3,5 Bar ( Einstelbar)<br \/>\nQ\/max.4,4 m\u00b3\/h @ 2 Bar<\/p>\n<p>Induktions Motor 230V, 50 Hz<br \/>\n0-10 bar Drucktransmitter f\u00fcr Abschaltung im Permeattank, programmiert und montiert<\/p>\n<p>Aufbau auf Alu Gestell<br \/>\ngesteuert durch die eigene Steuerung der Umkehrosmoseanlage<\/p>\n<p><span style=\"color: #000080;\">L3-2)Montage &#8211; Bauart:<\/span> montiert auf Alu-Rahmen<\/p>\n<p><strong>M)UV Disinfaction:<\/strong><br \/>\n<span style=\"color: #3366ff;\">M1-Ultra violet Entkeimung: <span style=\"color: #000000;\">1500LH 24 Watt<\/span><br \/>\nM2-Umw\u00e4lzpumpe Pos. G3: <\/span>F\u00f6rdersystem Druckerh\u00f6hungsanlage mit Frequenzumrichter:<br \/>\nF\u00f6rdersystem Typ Edelstahl Kreiselpumpenstation<br \/>\nEdelstahl-Kreiselpumpe 230V 50 Hz ger\u00e4uscharm, mehrstufig, 550W<br \/>\nKonstanter Betriebsdruck 3 bar ( einstelbar)<br \/>\nAufbau auf Alu Gestell<br \/>\ngesteuert durch die eigene Steuerung des F\u00f6rdersystems<br \/>\nMehrstufig, Kreiselpumpe<br \/>\nBetriebsdruck 3 m\u00b3\/h @ 3,5 Bar ( Einstelbar)<br \/>\nQ\/max.4,4 m\u00b3\/h @ 2 Bar<\/p>\n<p>Induktions Motor 230V, 50 Hz<br \/>\n0-10 bar Drucktransmitter f\u00fcr Abschaltung im Permeattank, programmiert und montiert<\/p>\n<p>Aufbau auf Alu Gestell<br \/>\ngesteuert durch die eigene Steuerung der Umkehrosmoseanlage<\/p>\n<p><span style=\"color: #0000ff;\">M3-Filter 0,2\u00b5: <\/span>Sterilfilter 0,2\u00b5<br \/>\nFilter Typ 0,2 \u00b5 Kerzenfilter<br \/>\nMaterial: Polypropylene<br \/>\nBetriebstemp. bis 65\u00b0 C<br \/>\nBetriebsdruck 4,2 bar ( max. Differenz 2 bar)<br \/>\nmit 2 Differenzfruck-Manometern<\/p>\n<p><strong>N)Verschneidung:<\/strong> Verschneidung ( Mischventil )<br \/>\nDas Produktwasser kann durch das Mischventil mit Leitungswasser ( Speisewasser) verschnitten werden.<\/p>\n<p><strong>P)Doppelenth\u00e4rtung:<\/strong><br \/>\n<span style=\"color: #0000ff;\">P1-Enth\u00e4rtungsanlage: <span style=\"color: #000000;\">Doppelenth\u00e4rtungsanlage Typ 120<\/span><br \/>\n<span style=\"color: #000000;\">Doppelenth\u00e4rtungsanlage Typ 120 mit separatem Solebeh\u00e4lter <\/span><br \/>\n<span style=\"color: #000000;\">Mengensteuerung Computergesteuert, Anschluss-Set<\/span><br \/>\n<span style=\"color: #000000;\">inklusive 2 x Panzerschlauch \u00dcM1&#8243;&#8220; x \u00dcM1&#8243;&#8220; L\u00e4nge 1 m, Abwasser und \u00dcberlaufschlauch, <\/span><br \/>\n<span style=\"color: #000000;\">Einbau und Bedienungsanleitung, <\/span><br \/>\n<span style=\"color: #000000;\">Kapazit\u00e4t bei: <\/span><br \/>\n<span style=\"color: #000000;\">10\u00b0dH 2&#215;12000 Liter<\/span><br \/>\n<span style=\"color: #000000;\">15\u00b0dH 2&#215;9000 Liter <\/span><br \/>\n<span style=\"color: #000000;\">20\u00b0dH 2&#215;6000 Liter, <\/span><br \/>\n<span style=\"color: #000000;\">bis zur n\u00e4chsten Regeneration, <\/span><br \/>\n<span style=\"color: #000000;\">Harzinhalt pro Tank 2 x 30 Liter,<\/span><br \/>\n<span style=\"color: #000000;\">Regenerationszeit 30 min, Wasserverbrauch 120 Liter,<\/span><br \/>\n<span style=\"color: #000000;\">Salzvorrat 100 kg, Nenndurchfluss nach DIN19636 3,6 m\u00b3\/h,<\/span><br \/>\n<span style=\"color: #000000;\">Druchverlust bei max. Leistung 0,5 bar, <\/span><br \/>\n<span style=\"color: #000000;\">Wasserdruck min. 1,4 bar,max. 8,6 bar, <\/span><br \/>\n<span style=\"color: #000000;\">Wasseranschluss in 1&#8243;&#8220; AG, <\/span><br \/>\n<span style=\"color: #000000;\">Stromanschluss V\/Hz230\/50\/12V, Stromverbrauch 3 Watt, Gesamtbreite mit Solebeh\u00e4lter 710 mm, Tiefe 500 mm, H\u00f6he 1080 mm, <\/span><br \/>\n<span style=\"color: #000000;\">Gewicht ohne Solebeh\u00e4lter 60 kg.<br \/>\n<\/span>P2-Salz\u00fcberwachung-f\u00fcllstand: <span style=\"color: #000000;\">Salz\u00fcberwachungsystem <\/span><br \/>\n<span style=\"color: #000000;\">\u00dcberwacht des Salzniveaus im Solebeh\u00e4lter.<\/span><br \/>\n<span style=\"color: #000000;\">Salzausfallsensor sendet bei Salzmangel direkt Alarm Rotlicht montiert an das Enth\u00e4rtungsgestell.<br \/>\n<\/span>P3-Montage &#8211; Bauart: <span style=\"color: #000000;\">Aluminium Gestell ( Zusatzplatform f\u00fcr Duplex Enth\u00e4rtungsanlage)<\/span><br \/>\n<span style=\"color: #000000;\">Gestell mit Anschluss Muttern M8<\/span><br \/>\n<span style=\"color: #000000;\">Abmessung (Gesamt inkl. RO) BxTxH. \u2026\u2026. mm, mit Befestigungstrebe<\/span><br \/>\n<span style=\"color: #000000;\">Nur Enth\u00e4rtungsanlage auf Gestell (Salzbeh\u00e4lter bleibt extern auf Boden)<br \/>\n<\/span>P4-Steckdose: <span style=\"color: #000000;\">Steckdose 230V AC Am Umkehrosmose Schaltschrank<br \/>\n<\/span>P5-Zusatzplatform f\u00fcr Duplex Enth\u00e4rtungsanlage: <span style=\"color: #000000;\">(Gestell mit Anschluss Muttern M8) <\/span><br \/>\n<span style=\"color: #000000;\">Abmessung (Gesamt inkl. RO) BxTxH. 1078x400x850 mm, mit Befestigungstrebe<\/span><br \/>\n<\/span><\/p>\n<p><strong>Q)Druckminderer<\/strong><\/p>\n<p><strong>R)Systemtrenner BA:<\/strong> Der Systemtrenner dient der Sicherung des Trinkwassers durch Verhinderung des Zur\u00fcckflie\u00dfens von Nichttrinkwasser in das \u00f6ffentliche Wasserversorgungsnetz. Der zwischen dem \u00f6ffentlichen Wasserversorgungsnetz und dem privaten Verbrauchernetz installierte Systemtrenner bildet eine Trennung und verhindert so den Kontakt zwischen den beiden Wassernetzen. Er sch\u00fctzt das \u00f6ffentliche Wasserversorgungsnetz vor ausgangsseitigem \u00dcberdruck, umgekehrten Druckverh\u00e4ltnissen und Wasserr\u00fcckfluss. Gem\u00e4\u00df Norm EN 12729 nach EN 1717.<\/p>\n<p><strong>S)St\u00f6rmeldung:<\/strong> Sammelst\u00f6rmeldung (potentialfrei)<\/p>\n","protected":false},"excerpt":{"rendered":"<p>1 Anlage Typ:RO423 \u00a0 \u00a01-1 Umkehrosmoseanlage Leistung (Liter \/ Stunde) siehe Grenzwerte: 450 Liter\/Stunde \u00a0 \u00a01-2 Ma\u00dfe: in mm (nur RO) Bereite: 400 mm H\u00f6he (ohne F\u00fc\u00dfe oder R\u00e4der): 850 mm Tiefe (ohne externe Optionen): 750 mm Gewicht (ohne Optionen): ca. 45 Kg \u00a0 \u00a01-3 Membrane: IEM XLE 4 Inch ( extra low Energy PA [&hellip;]<\/p>\n","protected":false},"featured_media":24519,"template":"","meta":{"_acf_changed":false},"product_cat":[293],"product_tag":[],"class_list":{"0":"post-24543","1":"product","2":"type-product","3":"status-publish","4":"has-post-thumbnail","6":"product_cat-gestell","7":"product_shipping_class-db-schenker","9":"first","10":"instock","11":"taxable","12":"shipping-taxable","13":"product-type-simple"},"acf":[],"_links":{"self":[{"href":"https:\/\/iemgmbh.de\/shop2023\/wp-json\/wp\/v2\/product\/24543","targetHints":{"allow":["GET"]}}],"collection":[{"href":"https:\/\/iemgmbh.de\/shop2023\/wp-json\/wp\/v2\/product"}],"about":[{"href":"https:\/\/iemgmbh.de\/shop2023\/wp-json\/wp\/v2\/types\/product"}],"wp:featuredmedia":[{"embeddable":true,"href":"https:\/\/iemgmbh.de\/shop2023\/wp-json\/wp\/v2\/media\/24519"}],"wp:attachment":[{"href":"https:\/\/iemgmbh.de\/shop2023\/wp-json\/wp\/v2\/media?parent=24543"}],"wp:term":[{"taxonomy":"product_cat","embeddable":true,"href":"https:\/\/iemgmbh.de\/shop2023\/wp-json\/wp\/v2\/product_cat?post=24543"},{"taxonomy":"product_tag","embeddable":true,"href":"https:\/\/iemgmbh.de\/shop2023\/wp-json\/wp\/v2\/product_tag?post=24543"}],"curies":[{"name":"wp","href":"https:\/\/api.w.org\/{rel}","templated":true}]}}